 - 24*r = -57. What is the units digit of r?
7
Let x(u) = -2*u + u**3 - 9 + 5*u**2 + 3*u**2 + 0*u. Let m(f) = -f - 1. Let z be m(7). What is the units digit of x(z)?
7
Let p(d) be the second derivative of -d**5/20 - d**4 + 5*d**3/3 - 7*d**2/2 - 6*d. What is the units digit of p(-13)?
2
Let y be (-33)/(-12) + 1/4. Let l(h) = -9 + 4*h**3 + 11*h - 9*h**2 + h**y + h**3 - 5*h**3. What is the units digit of l(8)?
5
Let r = 124 + -78. What is the units digit of r?
6
Let v = -3 + -3. Let t be -46*1*v/12. Let j = -16 + t. What is the units digit of j?
7
Let t(u) = u**3 + 14*u**2 - 20*u + 15. What is the tens digit of t(-15)?
9
Suppose -4*b + 12 + 8 = 0. Suppose -3*x = b*p + 19, 0*p = 4*x - 2*p - 18. Suppose -x*f + 22 = -2*j, -4*f + 7*f = -4*j - 2. What is the units digit of f?
6
Let o(d) = d + 1. Suppose 2*j - 6 = 4. What is the units digit of o(j)?
6
Suppose -124 = -2*g - 3*t, 3*g = 3*t - 5*t + 191. What is the tens digit of g?
6
Let u(a) = a**3 + a**2 - 3*a - 3. Let q be u(-2). What is the units digit of (-29)/(-3) - q/3?
0
Suppose 2*s = -3*l + l + 36, 3*l - 42 = s. What is the units digit of (l/(-9) - -2)*36?
2
Suppose 0 = 4*i + 5*i - 144. What is the tens digit of i?
1
Let g(t) = t**2 - 10*t - 37. What is the hundreds digit of g(-9)?
1
Suppose 0 = 2*c + 4 - 0. What is the units digit of 2*(-1)/c + 8?
9
Let c be (0 - 2 - 1)/1. Let q(l) = -l**3 + 4*l + 3. What is the units digit of q(c)?
8
Suppose 0 = -o - 1 + 14. What is the tens digit of o?
1
Let l(m) = -6*m**3 - 2*m**2 - m. Suppose -s - 10 = -3*s. Suppose g = 2*i + s, 0 = 4*g + 3*i + 2*i + 19. What is the units digit of l(g)?
5
Suppose -w + 15 = 4*w. Suppose w*v - 3 = -18. Let u = v + 6. What is the units digit of u?
1
Suppose -6*f + 33 = -3*f. What is the tens digit of f?
1
Let a = -17 + 44. What is the units digit of a?
7
Suppose 4*b = 3*b + 18. Let k = 7 + b. What is the tens digit of k?
2
Let p(i) be the first derivative of -21*i**4/4 - i**2 - i + 6. What is the units digit of p(-1)?
2
Let b(d) = d**3 + 19*d**2 + 17*d - 22. Let m be b(-18). Let p = 13 - m. What is the units digit of p?
7
Let c(x) = x**2 + 3*x - 7. Let d be c(-5). Suppose 26 = d*s - 1. What is the units digit of s?
9
Let w(z) = 9*z**3 + z. What is the units digit of w(1)?
0
Let l(k) = -5*k + 3. Let u be l(-5). Suppose 2*p + 50 = 4*z, -10 = -3*z + 2. Let o = u + p. What is the tens digit of o?
1
Let z(s) be the second derivative of s**4/4 - s**3 - 8*s. What is the units digit of z(4)?
4
Let r(u) = u**3 + u**2 - 2*u + 120. What is the tens digit of r(0)?
2
What is the tens digit of (((-400)/6)/4)/((-3)/54)?
0
Suppose -4*u = -147 - 145. Suppose -3*x = -u - 41. What is the tens digit of x?
3
Let n be -2*17/2 + 1. What is the tens digit of n/6*198/(-24)?
2
Suppose 0*f - 62 = 2*f. Let c = f - -44. What is the units digit of c?
3
Let z(v) = -v + 15. Let k(s) = -s + 14. Let d(m) = 3*k(m) - 2*z(m). What is the units digit of d(11)?
1
Let t be (-3)/(6/(-4) + 1). Let q(i) = -2*i - 4. Let o(k) = 5*k + 9. Let r(j) = 3*o(j) + 7*q(j). What is the units digit of r(t)?
5
Let l = -551 + 808. What is the units digit of l?
7
Suppose -23 - 162 = -5*j. What is the tens digit of j?
3
Let o be (1 + 3/(-6))*10. Suppose -4*v - 5*k - 8 = 0, k - o*k - 4 = 4*v. Suppose 25 = 4*c - v*y, 5*c - 3*y - 20 = 9. What is the units digit of c?
4
Let f = 182 + -81. What is the hundreds digit of f?
1
Let c = -8 + 13. Suppose p - c = -2. Suppose -n + 0*n + 15 = 2*m, p*m - 15 = 0. What is the units digit of n?
5
Let q = -10 - -1. Let f = -3 - q. What is the units digit of -1 + (-3)/f*-4?
1
Suppose -5*k + 290 = 5*r, -3*k + 131 = -r - 43. What is the units digit of k?
8
Suppose -4*g + 189 = 69. Suppose -g = 6*r - r. Let k = -4 - r. What is the units digit of k?
2
Let q = -15 - -11. Let u = -44 + 52. What is the units digit of 12/q*u/(-3)?
8
Let k = 89 - 124. Let u = -16 - k. What is the units digit of u?
9
Suppose -4*a + 3*i + 61 = -0*i, -2*i - 19 = -a. Let u be (-14)/(-4) + 5/(-10). Suppose -6*k + 2*k = -5*g - 23, 0 = -2*k + u*g + a. What is the units digit of k?
2
Suppose -3*l - l + 8 = 0. Suppose -l + 27 = 5*d. Suppose -j + 3*z - 3 + 5 = 0, d*j - 70 = -5*z. What is the tens digit of j?
1
Let z(m) = -2*m. Let s be z(1). Let p(t) = 2*t**3 + 2*t - 1. Let y be p(1). Let j = s + y. What is the units digit of j?
1
What is the units digit of -4*(4/(-2))/1?
8
Suppose 2*q = -q - 3*z + 84, z = -4*q + 112. What is the units digit of q?
8
Let g = 31 + -18. Let r = g - 30. Let i = r - -24. What is the units digit of i?
7
Let l(m) = -m + 11. Let x be l(10). Suppose 0 = q - x, -o = 3*o + 3*q - 79. Let g = o - 10. What is the units digit of g?
9
Let t(s) = s**3 - 2*s**2 - 1. Let v(u) = -u**2 + u + 1. Let w(x) = -t(x) - 4*v(x). Let i be w(5). Suppose i*h + 17 = 3*h. What is the units digit of h?
7
Suppose -3*f + 746 = 44. Suppose -4*g - 238 = -5*a, 5*a - 4*g + 2*g - f = 0. Suppose -10 = 4*y - a. What is the units digit of y?
9
Let b(d) = d**2 + d. Let i(o) = 6*o**2 + 10*o + 4. Suppose 2*w = 3*w + 2*g - 7, -5*w - 3*g = -7. Let q(r) = w*i(r) + 5*b(r). What is the units digit of q(-3)?
2
Suppose -83 - 81 = -4*i. What is the units digit of i?
1
Let y = -12 - -13. What is the units digit of (-12)/(y - 15/6)?
8
What is the tens digit of -2*1*-2 - (4 - 210)?
1
Let l(g) be the first derivative of g**3/3 - 2*g**2 - 6*g - 1. What is the tens digit of l(7)?
1
Let c = -8 - -30. Suppose i + 5 = c. What is the units digit of i?
7
Let w be (-1 - 3/(-6))*-4. What is the units digit of 1*w - 0/(-5)?
2
Let g = -7 + 11. Suppose g*o = 2*o + 6. Suppose 0 = -4*r + 27 - o. What is the units digit of r?
6
Let d(q) = q**3 + 6*q**2 + 2*q - 2. Let t = 7 + -12. What is the tens digit of d(t)?
1
What is the units digit of 1*(-1 + 0 + (-3 - -9))?
5
Let m(w) = 18*w**2 + w - 1. Let f(r) = r - 3. Let l be f(4). What is the tens digit of m(l)?
1
Suppose -h + 2*h + 5 = 0, -3*h - 25 = -5*o. Let x(g) = o*g - 2*g - 6 + 4*g. What is the tens digit of x(4)?
1
Suppose 0*p + p - 9 = 0. What is the units digit of p?
9
Suppose 3 = a - 4. Let m = a + 1. What is the units digit of m?
8
Suppose -3*n - 94 + 21 = 5*x, 0 = 3*n + x + 89. Let s = n + 15. Let h = -7 - s. What is the units digit of h?
9
Let b(m) = m**3 + 4*m**2 - 2*m + 1. Suppose 0 = -3*f - 0*f + 9. Suppose -4*r + 4 = 0, -f = -5*v - 4*r - 19. What is the units digit of b(v)?
9
Let i = 0 + 27. What is the units digit of i?
7
Let d = 12 - 14. What is the units digit of d/3*18/(-12)?
1
Suppose 0 = -2*f + f + 3*s + 10, 0 = 5*f - 4*s - 6. Let m be -4 - (f + 0) - 0. What is the units digit of (-2)/m - 3 - -6?
4
Let i(l) = l**2 - 11*l + 3. Suppose 4*r - 1 - 11 = 0. Suppose 2*k - 8 = -v + k, 0 = 2*v - r*k - 36. What is the units digit of i(v)?
5
Let s(z) be the second derivative of -17*z**4/6 + z**2/2 + 3*z. Let w be s(1). Let b = -16 - w. What is the units digit of b?
7
Suppose -5*c - 59 = 341. Let k = 125 + c. What is the tens digit of k?
4
Suppose -g = 5*d + 365, -11 = 3*g + 4. What is the units digit of ((-1)/2)/(2/d)?
8
Let l(u) = 2*u**2 - 7*u + 8. Let d be l(8). Suppose -a = a - d. What is the units digit of a?
0
Suppose -4*a = -2*a - 8, 5*a = 2*f - 232. What is the tens digit of f?
2
Let a = -2 + 2. Let d(k) = k**3 + 2*k**2 - 3*k. Let r be d(2). Suppose a = 3*i + 1 - r. What is the units digit of i?
3
Let w(t) = -t**2 + 10*t + 8. Let h = -23 - -58. Let l = h - 25. What is the units digit of w(l)?
8
Suppose 4*l = -0*l + 100. Suppose 2*s - l = -k - 0*s, 5*k = 5*s + 155. What is the tens digit of k?
2
Suppose 5*c = 10*c - 180. What is the tens digit of c?
3
Let b = 110 - 34. What is the units digit of b?
6
Let j = 88 + -51. What is the tens digit of j?
3
Suppose 5*u = -5 + 25. Suppose -61 = -u*q - 25. What is the units digit of q?
9
Let y be 33/(-18) - 3/18. What is the units digit of y + -51*(-8)/12?
2
Let o = -16 + 39. What is the units digit of o?
3
Let j be 4/(-5)*(-10)/4. Suppose -j*v + 13 = -35. What is the tens digit of v?
2
Let r be ((-6)/(-4) - 2)*-6. Suppose 2*l - 4*q = r*l - 10, 0 = -4*l + 2*q + 4. Suppose -4*w - l = 3*d - d, 5*w + 16 = -d. What is the units digit of d?
9
What is the tens digit of (-63)/(-2) + 39/26?
3
Let p = -8 - -11. Suppose 8 = r + h, -5*r + p*h - 2 = -58. What is the units digit of r?
0
Let o(j) = -j**3 - 16*j**2 - 7*j - 19. What is the u